 128652772.
2, 32163193
List the prime factors of 2567128824.
2, 3, 13, 71, 38629
What are the prime factors of 1623643354?
2, 5653, 143609
What are the prime factors of 3904392503?
11, 4289, 82757
List the prime factors of 103586267.
103586267
What are the prime factors of 3849903823?
19, 197, 1028561
What are the prime factors of 70422528?
2, 3, 11, 521
What are the prime factors of 327837454?
2, 7, 353, 66337
What are the prime factors of 4411683258?
2, 3, 735280543
List the prime factors of 325284860.
2, 5, 23, 31, 22811
What are the prime factors of 1586284910?
2, 5, 7, 22661213
List the prime factors of 275462867.
4139, 66553
List the prime factors of 1061162708.
2, 853, 311009
What are the prime factors of 146437213?
13, 823, 13687
List the prime factors of 31537741.
31537741
What are the prime factors of 70723179?
3, 17, 154081
List the prime factors of 293475480.
2, 3, 5, 2445629
What are the prime factors of 944004575?
5, 79, 477977
What are the prime factors of 589416240?
2, 3, 5, 7, 350843
List the prime factors of 41296653.
3, 71, 64627
What are the prime factors of 71047850?
2, 5, 131, 10847
What are the prime factors of 1309776495?
3, 5, 19, 47, 277, 353
List the prime factors of 4257476463.
3, 2659, 533719
What are the prime factors of 26115917?
26115917
What are the prime factors of 2833050612?
2, 3, 7, 17, 1983929
List the prime factors of 2266554469.
39623, 57203
List the prime factors of 67041108.
2, 3, 206917
List the prime factors of 1519406984.
2, 189925873
What are the prime factors of 76659838?
2, 31, 1236449
What are the prime factors of 352740720?
2, 3, 5, 1469753
What are the prime factors of 25982552?
2, 3247819
What are the prime factors of 60890356?
2, 79, 233, 827
What are the prime factors of 8816591?
7, 17, 43, 1723
What are the prime factors of 223588844?
2, 55897211
What are the prime factors of 11935411?
17, 41299
List the prime factors of 2743452650.
2, 5, 23, 2385611
List the prime factors of 715187172.
2, 3, 7, 8514133
What are the prime factors of 3986530464?
2, 3, 7, 17, 151, 2311
What are the prime factors of 48338646?
2, 3, 71, 233, 487
What are the prime factors of 361478396?
2, 23, 139, 1229
List the prime factors of 262673287.
262673287
What are the prime factors of 863690315?
5, 19, 9091477
List the prime factors of 1833713066.
2, 19, 48255607
What are the prime factors of 32466076?
2, 8116519
List the prime factors of 1908239632.
2, 13, 263, 34883
What are the prime factors of 737412?
2, 3, 13, 29, 163
What are the prime factors of 801159697?
13, 17, 47, 137, 563
What are the prime factors of 791144618?
2, 11, 2293, 15683
What are the prime factors of 29251864?
2, 3656483
What are the prime factors of 3479323338?
2, 3, 59, 3276199
What are the prime factors of 244436966?
2, 122218483
What are the prime factors of 138398541?
3, 46132847
What are the prime factors of 7038916470?
2, 3, 5, 17, 1533533
List the prime factors of 2119944437.
13, 19, 8582771
What are the prime factors of 45932615?
5, 83, 110681
What are the prime factors of 442286185?
5, 11, 139, 57853
What are the prime factors of 269299618?
2, 7, 17, 599, 1889
What are the prime factors of 79602950?
2, 5, 7, 32491
List the prime factors of 190196469.
3, 21132941
List the prime factors of 178391133.
3, 19, 43, 8087
What are the prime factors of 300060495?
3, 5, 7, 952573
What are the prime factors of 4436102874?
2, 3, 7, 23, 223, 20593
What are the prime factors of 4811187377?
29, 7057, 23509
List the prime factors of 34920175.
5, 83, 16829
What are the prime factors of 77044165?
5, 11, 1400803
What are the prime factors of 628436191?
19, 33075589
List the prime factors of 16316660.
2, 5, 23, 79, 449
List the prime factors of 41673300.
2, 3, 5, 31, 4481
List the prime factors of 54337653.
3, 367, 16451
What are the prime factors of 157175482?
2, 37, 239, 8887
List the prime factors of 66304023.
3, 59, 521, 719
What are the prime factors of 3599791525?
5, 11, 23, 569137
What are the prime factors of 504124176?
2, 3, 967, 10861
What are the prime factors of 525290740?
2, 5, 13, 523, 3863
What are the prime factors of 1256541031?
71, 17697761
What are the prime factors of 1037558433?
3, 17, 29, 701527
List the prime factors of 66355267.
11, 17, 20873
List the prime factors of 585178369.
17, 5381, 6397
What are the prime factors of 6450046734?
2, 3, 59, 1811, 10061
What are the prime factors of 224961395?
5, 59, 277, 2753
What are the prime factors of 7026576397?
61, 307, 6151
List the prime factors of 102942952.
2, 7, 967, 1901
List the prime factors of 29756230.
2, 5, 7, 60727
What are the prime factors of 27833995?
5, 7, 61, 13037
What are the prime factors of 27304801?
2081, 13121
List the prime factors of 4545494511.
3, 37, 40950401
List the prime factors of 75118691.
157, 557, 859
List the prime factors of 417554131.
2621, 159311
What are the prime factors of 3868457657?
3868457657
What are the prime factors of 359822046?
2, 3, 59970341
What are the prime factors of 348114752?
2, 23, 173, 1367
What are the prime factors of 738515039?
12823, 57593
List the prime factors of 54445198.
2, 1049, 25951
List the prime factors of 1271999743.
7, 181714249
List the prime factors of 545833959.
3, 11, 43, 109, 3529
What are the prime factors of 328225712?
2, 29, 707383
List the prime factors of 551925516.
2, 3, 45993793
What are the prime factors of 1476140305?
5, 19, 409, 37991
List the prime factors of 3054512034.
2, 3, 7, 24242159
What are the prime factors of 8760996?
2, 3, 397, 613
List the prime factors of 1450903060.
2, 5, 29, 769, 3253
List the prime factors of 149573368.
2, 7, 1301, 2053
List the prime factors of 2426850518.
2, 10069, 120511
List the prime factors of 49521733.
19, 2606407
List the prime factors of 43970473.
107, 607, 677
What are the prime factors of 90109841?
41, 67, 32803
What are the prime factors of 177317483?
7, 25331069
What are the prime factors of 261889882?
2, 19, 2069, 3331
List the prime factors of 63530652.
2, 3, 47, 112643
What are the prime factors of 1908276112?
2, 17, 7015721
List the prime factors of 5952639232.
2, 23252497
List the prime factors of 388181970.
2, 3, 5, 11, 19, 2293
What are the prime factors of 52786750?
2, 5, 19, 11113
What are the prime factors of 9033622?
2, 13, 337, 1031
What are the prime factors of 4894754711?
7, 11, 19, 457, 7321
List the prime factors of 2702010423.
3, 7, 128667163
List the prime factors of 18531126.
2, 3, 343169
What are the prime factors of 8399488?
2, 211, 311
What are the prime factors of 22574887?
41, 550607
What are the prime factors of 44200634?
2, 22100317
What are the prime factors of 37676557?
43, 876199
List the prime factors of 872522811.
3, 1289, 75211
What are the prime factors of 63889952?
2, 7, 23, 12401
What are the prime factors of 12120335?
5, 491, 4937
List the prime factors of 77882565.
3, 5, 89, 227, 257
List the prime factors of 58976659.
7, 8425237
What are the prime factors of 91341487?
23, 139, 28571
What are the prime factors of 109662521?
139, 239, 3301
What are the prime factors of 36709514?
2, 41, 447677
List the prime factors of 377774630.
2, 5, 37777463
What are the prime factors of 44898050?
2, 5, 443, 2027
What are the prime factors of 34243578?
2, 3, 1902421
List the prime factors of 128734357.
8291, 15527
What are the prime factors of 5718755989?
67, 71, 173, 6949
List the prime factors of 47002680.
2, 3, 5, 89, 163
What are the prime factors of 4373316559?
4373316559
List the prime factors of 250007305.
5, 109, 458729
What are the prime factors of 135606114?
2, 3, 7, 23, 73, 641
What are the prime factors of 605686344?
2, 3, 29, 870239
What are the prime factors of 2801361?
3, 933787
What are the prime factors of 74200908?
2, 3, 29, 79, 2699
What are the prime factors of 88082707?
88082707
What are the prime factors of 188302215?
3, 5, 31, 404951
What are the prime factors of 694003527?
3, 7, 61, 419, 431
What are the prime factors of 5152563637?
13, 396351049
What are the prime factors of 64660135?
5, 19, 680633
What are the prime factors of 4418342306?
2, 7, 5479, 57601
List the prime factors of 303510399.
3, 613, 165041
What are the prime factors of 712404261?
3, 17, 1552079
What are the prime factors of 287940633?
3,